 - 19*l + 2. Determine y(-7).
-10
Let z(p) = 17*p**3 + 24*p**2 - 48*p + 15. Let u(r) = 3*r**3 + 5*r**2 - 9*r + 3. Let b(w) = -11*u(w) + 2*z(w). Give b(3).
-30
Let g = -3 - -11. Suppose -v + 5*v + g = 0. Let u(y) = -3*y - 3*y**2 - 28 + 13 + 15. Give u(v).
-6
Let i(t) = -6*t + 7. Let w(n) = n**3 + 2*n**2 - 3*n - 5. Let g be w(-2). Let x(o) = o**2 - o + 1. Let k be 0 + -2*1 + 0. Let a(f) = g*i(f) + k*x(f). Give a(-4).
-11
Let y(t) = t**2 - 5*t + 3. Suppose -2*n = 2*c - 2 - 24, -5*n + 2*c = -72. Let a = -11 + n. Calculate y(a).
-3
Let a(r) = r + 17. Let n(u) = -2*u - 37. Let t(i) = -9*a(i) - 4*n(i). Suppose 3*k - 9 = -0*k + 3*z, -3*z + 21 = 2*k. What is t(k)?
-11
Let y be ((-2)/4 - 0)/((-47)/752). Let r(x) = -x**2 + 14*x - 27. What is r(y)?
21
Let g(s) be the third derivative of s**6/30 - s**5/15 + s**4/12 + 2*s**2 + 53. What is g(2)?
20
Let y = 73 + -67. Suppose -9*a + y*a - 15 = 0. Let x(j) be the first derivative of -j**2/2 - 10*j - 3. What is x(a)?
-5
Let d(r) be the second derivative of 0 + 12*r - 3/2*r**2 - 1/12*r**4 - 3/2*r**3. Determine d(-8).
5
Suppose 3*k = v - 2, 3*k + 11 = 5. Let o be v*9/108*(11 + 1). Let q(a) = a**2 + 2*a - 4. What is q(o)?
4
Let f(q) be the third derivative of q**6/120 + q**5/10 + 7*q**4/24 + 2*q**3/3 - 304*q**2 + 3*q. Let d be (-4 - 1) + 2/2. Give f(d).
8
Suppose -85 + 56 = 3*m + l, 0 = 4*l + 8. Suppose -3*q - 2*j - 23 = 0, 4*q - 4*j - 15 + 59 = 0. Let p = q - m. Let g(s) = -s**3 + s**2 + s - 13. Give g(p).
-13
Let g(v) = -v**2 + 5 - 401*v + 799*v - 393*v. Calculate g(-2).
-9
Let c = -75 + 108. Suppose -z + c = 2*z. Suppose -4*b + 8 = -3*a, 2*b = 4*a - 3*b + z. Let j(u) = -u**2 - 6*u - 5. What is j(a)?
3
Let v be 72/32 + (-2)/8. Let q(m) be the first derivative of 6*m - m**3 + 1/4*m**4 - 6 - 2*m**v. Calculate q(4).
6
Let y(g) = 17 - g**2 - 2336*g + 1163*g - 5 + 1164*g. Calculate y(-9).
12
Let c = 18 - 16. Suppose 0 = 2*f + 10, 4*i + f - 1 - c = 0. Let b(z) = 5 - 9 + z + 3 + i*z. What is b(-2)?
-7
Let w(c) = -8*c + 39. Let h(i) = 24*i - 117. Let a(z) = -3*h(z) - 8*w(z). Give a(6).
-9
Let w(b) = -5*b + 5. Let m(d) = -7*d + 7. Let u(p) = -3*m(p) + 4*w(p). What is u(-7)?
-8
Let a(q) be the first derivative of q**6/120 - q**5/15 + q**4/6 + q**2/2 + 34*q + 7. Let u(v) be the second derivative of a(v). Determine u(3).
3
Let y(l) = l - 1. Let w = 115 + -104. Suppose 0 = w*u + u - u. Give y(u).
-1
Let y(b) be the third derivative of 0 - 1/24*b**4 - 5/3*b**3 + 0*b - 17*b**2. Give y(-8).
-2
Let n(w) = -w**2 - 5*w - 3. Let t be n(-3). Let v(j) be the second derivative of j**4/12 - j**3 + 2*j**2 - 72*j. Determine v(t).
-5
Let l be ((4 - 3)*-4)/((-16)/8). Let d(f) = 4 + 3915*f**l + 3*f - 3916*f**2 - 5*f. Calculate d(-3).
1
Let k be (-7 - 0/(-2))/1. Let i(r) be the second derivative of r**3/6 + 17*r**2/2 + 2*r - 3434. What is i(k)?
10
Suppose -a + 5 = -0. Suppose -6*b - a*b = -11. Let i(t) = 10*t**2 + 1. Calculate i(b).
11
Let f(k) = -3*k + 1. Let r(a) = 8*a**2 - 13*a - 4. Let z be r(2). What is f(z)?
-5
Suppose 2*z + 3 = -5. Let n(o) = -1. Let j(v) = 7*v - 2. Let m(t) = z*n(t) + j(t). Give m(2).
16
Let f(g) = 0*g + g**2 + g**2 - 5 + 0*g**2 + g. Let r(p) = -p**2 - 2*p + 4. Let w(t) = 2*f(t) + 3*r(t). Give w(5).
7
Let i(b) = 4*b + 6*b - 13*b + 8 - b + 7*b**2 - b**3. Determine i(7).
-20
Suppose 86 = -u + 82. Let v be 14/(-56) + (-13)/u - -4. Let n(x) = x**2 - 7*x + 7. What is n(v)?
7
Let q be (72/4 + -11)*1. Let n(f) = -f**3 + 6*f**2 + 10*f. Give n(q).
21
Let u(b) = 5*b**2 - b**2 - 4*b**2 - 2*b**2 - 4*b. Let m(o) = 6*o**2 + 11*o. Let j(c) = -3*m(c) - 8*u(c). Let w = -14 + 13. Determine j(w).
-1
Let i(u) = 261 - 538 - u + 2*u**3 + 276. What is i(-2)?
-15
Let d be ((-135)/(-20))/3 + (-3)/(-4). Let u(z) be the first derivative of 1/2*z**2 + 2/3*z**d + 2*z - 3 + 1/2*z**4. Give u(-2).
-8
Suppose 380 - 488 = -27*p. Let s(f) = 4*f - 16. Determine s(p).
0
Let c(f) = -7*f + 27. Let o be c(11). Let r = -48 - o. Let d(x) = -6*x + 3. Give d(r).
-9
Let c(g) = 28*g - 24*g + 1 - 2 + 0*g. Calculate c(4).
15
Let f(n) be the second derivative of -n**3/2 + 18*n**2 - 4*n + 16. What is f(12)?
0
Let b(s) = -2*s + 5. Let a(i) = -i**3 + 5*i**2 + 7*i + 1. Let v be a(6). Let d be (-4)/(-14) - 58/v. Calculate b(d).
21
Let x(z) = -z**3 + 5*z**2 - 4*z + 18. Let y be x(5). Let k(n) = -n**2 + n. What is k(y)?
-6
Let q(i) = 3*i**2 - 4*i - 5. Let p(k) = -8*k**2 + 11*k + 15. Let j(l) = 4*p(l) + 11*q(l). Let t(s) = s**3 - 6*s**2 + 4. Let w be t(6). What is j(w)?
21
Suppose -4*u = -5*u + 3*u. Let l(s) = -213*s + 209*s + u + 2. Determine l(-4).
18
Let a be ((-30)/(-4) - 2) + 33/(-22). Let h(j) = -j**2 + 5*j + 2. Calculate h(a).
6
Let d(s) = 31*s - 93. Let k be d(3). Let m(j) be the second derivative of -1/6*j**4 - 1/2*j**2 + k + j + 1/6*j**3. Calculate m(2).
-7
Suppose -3*m - 3*r - 14 = r, -5 = m + r. Let y(c) = c**3 + 7*c**2 + 6*c + 1. What is y(m)?
1
Let f(i) = 9*i**2 + 6*i - 15. Let t(z) = 7*z**2 + 7*z - 13. Let l(x) = 4*f(x) - 5*t(x). Determine l(11).
5
Let m(g) = 23*g**2. Suppose -2*d = 2, -11*f + 3 = -9*f - 5*d. Determine m(f).
23
Let y(x) be the second derivative of x**5/60 - x**4/6 + 3*x**3 + 18*x. Let b(f) be the second derivative of y(f). Calculate b(-4).
-12
Let y(n) = n**3 + 7*n**2 - 6*n + 3. Let i(z) = -2*z + 32. Let t be i(-12). Suppose 8 = -8*r - t. What is y(r)?
-13
Suppose -2*h + 0*h + 5*a = 10, -3*h + a = 2. Let b(f) = f**3 - f**2 + f + 7. Determine b(h).
7
Let x(t) be the first derivative of -t**4/24 + 2*t**3/3 - 11*t**2 - 4. Let w(y) be the second derivative of x(y). Calculate w(-5).
9
Let z(c) = -2*c**3 - 3*c**2 + 5*c - 7. Let n(f) = -2*f**3 - f**2 + 2*f - 3. Let v(k) = 7*n(k) - 3*z(k). Calculate v(1).
-7
Suppose 4*b - 52 = 4*l, -5*b + 74 = -3*l + 27. Let a(w) = 1 + 0*w + 2*w - w. Calculate a(l).
-8
Let b(x) be the third derivative of -7*x**5/30 - x**3/6 - 8*x**2. Let v be (4 + 33/(-9))*9. Suppose -3 = v*j - 0. Calculate b(j).
-15
Let m(o) = 7*o + 3. Let l(s) = -s**2 + 10*s - 11. Let r be l(6). Suppose 3*d - 5 - r = 0. Let c = -8 + d. Give m(c).
-11
Suppose k = 4*p - 6, 0 = -4*p + 3*k + 14 - 12. Let m(v) = 2*v**3 - 2*v**2 - 7*v + 5. Calculate m(p).
-1
Let d(a) be the second derivative of a**5/10 - a**4/4 + a**3/2 - 3*a**2 - 9*a. Determine d(2).
4
Let y = 19 + -15. Suppose 2*t = 2*h + y*t, 4*h - 8 = 4*t. Let z(r) = -6*r**3 + 2*r**2 - 2*r + 1. Determine z(h).
-5
Let a(k) = -4*k + 5. Let g(n) = n. Let r(x) = -a(x) - 5*g(x). Let s = 14 - 10. Suppose 30 - 10 = -s*p. Give r(p).
0
Let i = 128 - 40. Suppose 4*g + 24 + i = 0. Let j be ((-32)/g)/(4/14). Let c(q) = q**3 - 2*q**2 - 6*q + 5. Determine c(j).
13
Suppose 2*c - 1 = 2*g + 5, 2*c + 4*g - 18 = 0. Suppose -c = -2*z - 9. Let q(u) = 5*u + 2. Give q(z).
-8
Let z(f) = -75*f + 1 + 172*f - 106*f. Determine z(-4).
37
Let n(m) be the first derivative of -3*m**2 - 6*m + 37. What is n(-6)?
30
Let l(x) = -4*x - 4. Suppose d - 7*d = 30. Give l(d).
16
Suppose 3*t = 3*i + 21, -2*t + 7 = -5*i - 13. Let h(g) = t - g**3 - 4 + 0*g**3 + 0*g**3. Determine h(2).
-7
Let r(g) be the first derivative of -g**4/4 - 2*g**3/3 - 2*g + 494. Suppose -2*i - 2*v - 6 = -4*v, i - 5*v = -3. What is r(i)?
7
Let p(s) = -8*s + 76. Suppose 108 = 82*f - 70*f. Calculate p(f).
4
Let i(r) = -5*r**3 - 21*r**2 + 10*r. Let z(b) = 2*b - 4*b**2 - b**3 + 0*b + 0*b**2. Let j(w) = -2*i(w) + 11*z(w). Let n = 3 - 6. Give j(n).
3
Let q(g) = g**3 - 2*g**2 + g. Let j be q(0). Let n(y) be the third derivative of y**6/120 + y**4/24 - y**3/2 + 2*y**2. Calculate n(j).
-3
Let h(s) = 83*s**2 - 36*s**2 + 3 - 18*s**2 - 24*s**2 + 1 - 7*s - 2*s**3. Give h(2).
-6
Let f = 282 + -273. Let i(z) = -z**3 + 8*z**2 + 7*z + 13. Calculate i(f).
-5
Let b be (12/24)/((-1)/(-68)). Suppose -3 = -31*s + b*s. Let l(g) = 11*g**3 - g. Give l(s).
-10
Suppose 32 = -4*m - 16. Let n = -13 - m. Let l(x) = 2*x - 1. Let r(u) = u. Let a(z) = n*l(z) + 6*r(z). Give a(-1).
-3
Let h = -900 - -903. Let n(w) = 3*w**2 - w + 3. What is n(h)?
27
Let j(w) = -5*w + 2. Let x(c) = 14*c - 5. Let s(v) = 11*j(v) + 4*x(v). Determine s(5).
7
Let a(y) = y - 6. Let o be a(8). Let d(z) = -17*z**2 + 15*z**o + z - 2*z. Determine d(-1).
-1
Let a(w) = 4*w + 7. Let y(j) = -2*j - 2*j + 2 + 3*j + 2*j. Let n(z) = 2*a(z) - 9*y(z). Determine n(6).
-10
Let g(q) = -q**2 - 10*q - 6. Let z(f) = 1. Let d(m) = g(m) - 6*z(m)